pose 0 = 4*c + 5*s - 127, -2*c + 2*s = 3*s - 59. Suppose 17 = -y + c. Calculate the greatest common divisor of 121 and y.
11
Let b = 85 + -79. Suppose -3*q + b = 0, 5*f - q - 62 = f. Let i(g) = 29*g - 4. Let c be i(4). Calculate the greatest common factor of f and c.
16
Suppose 5*t - 1154 - 241 = 0. Suppose -14*u + 1 = -t. Calculate the highest common divisor of u and 32.
4
Let p be 1 + -1 + (-18)/(-9). Suppose p*y - w = 26, w - 2 = -0*w. Let z(q) = -34*q + 376. Let v be z(11). What is the highest common factor of v and y?
2
Let u be ((-429)/2)/(92/920). Let l be u/(-110) + 7/2. What is the greatest common factor of 92 and l?
23
Let h(t) = 3*t**2 - 22*t - 40. Let l be h(29). Suppose -z - 3*m + 450 = 0, 4*z + 0*m - 3*m - l = 0. What is the greatest common divisor of z and 51?
51
Let z(i) = i**2 + 4*i - 71. Let t be z(-11). Let c = t + 76. What is the greatest common factor of 4 and c?
2
Let l be -16*(8 - (-558)/(-24)). Calculate the greatest common divisor of 1830 and l.
122
Let a be (-22)/44*1*-4. Suppose 4*d = 2*d + 6. Suppose d*w + 2*n + 0*n = 60, -a*w = n - 39. What is the highest common divisor of w and 2?
2
Let p = -8369 - -8996. Calculate the greatest common divisor of 3553 and p.
209
Let o = 2563 - 788. Suppose 4*t = o + 17. What is the highest common factor of 56 and t?
56
Suppose -2*l + 16 = 2*l. Suppose 3*q + 2*j = j + 25, 0 = -l*j + 4. Let g = q + 90. Calculate the highest common factor of g and 14.
14
Suppose 0 = -2*g + 4*t + 242, -4*t - 302 = -5*g + 315. Calculate the greatest common divisor of 1175 and g.
25
Let b = 3962 - 3820. What is the highest common factor of 6674 and b?
142
Let i(f) = f**3 + 5*f**2 - 88*f - 452. Let p be i(-9). Calculate the highest common divisor of p and 514.
2
Let m(r) = -1564*r + 163. Let q be m(-1). Calculate the highest common factor of 22 and q.
11
Let a(u) = 30*u + 46. Let r be a(-1). Let v be 1 - (-20 - (5 + -2)). Calculate the highest common factor of v and r.
8
Let q be (7/((-84)/(-342)))/(6 - (-126)/(-24)). Suppose -3*m + 329 = -250. Let c = m + -98. What is the highest common factor of c and q?
19
Let q be ((-3)/5)/(5/(-125)). Let u = q - 0. Suppose 3*j - 959 = -3*c - 614, -250 = -2*j + 2*c. What is the highest common factor of j and u?
15
Suppose 39*n = -6*n + 20*n + 18125. Calculate the highest common divisor of 1325 and n.
25
Suppose -3*l - 5*r = 2*l - 15, -44 = -3*l + 4*r. Suppose -l*m + 2*m - 954 = 0. Let j = -60 - m. Calculate the highest common divisor of j and 11.
11
Let h(k) = k**3 + 19*k**2 + 2*k + 38. Let m be h(-19). Let o be -11 - -33 - (m - 0 - 2). Calculate the greatest common divisor of o and 12.
12
Suppose -107*b - 86 + 277 = -558. What is the highest common divisor of 5929 and b?
7
Let z(a) = -8*a + 3. Let f be z(-7). Suppose -3*l = 20 - f. Let v = -24620 + 24659. Calculate the highest common factor of l and v.
13
Let g be 25/((-36)/180*(-2)/128). Calculate the greatest common factor of g and 64.
64
Suppose -5*q + y + y + 714 = 0, y - 723 = -5*q. Let u = q - 60. Suppose -277*v + 1218 = -219*v. Calculate the greatest common divisor of u and v.
21
Let b(u) = -u**2 + 28*u - 97. Let o be b(6). Suppose 90 = 40*l - o*l. Calculate the greatest common divisor of l and 30.
6
Let l(t) = -t**3 - 18*t**2. Let y = -6 + -12. Let f be l(y). Suppose 4*i + 712 = 5*a, f = a + a - 2*i - 284. What is the greatest common factor of a and 36?
36
Let u(b) = 2*b**3 + 2*b**2 - 5*b - 10. Let g be u(6). Let i be (-441)/(-14) + 1/(-4)*10. What is the greatest common divisor of i and g?
29
Let o be 2 + (3 - -43 - 0). Let j(s) = -s**2 + 24*s - 38. Let m be j(20). Let p = 54 - m. What is the greatest common factor of p and o?
12
Let i(m) = m**3 + 4*m**2 + 3*m + 7. Let b be i(-3). Suppose 0 = 2*d + 3 + b. Let f be (-15)/d + 5 - -1. Calculate the greatest common factor of 6 and f.
3
Suppose 8*b - 421 = 531. Let d(w) = 4*w**2 + 5*w - 5. Let j be d(-5). Suppose -3*f = 19 - j. Calculate the greatest common divisor of b and f.
17
Let h(w) = -120*w - 9. Let t be h(-6). Suppose -j + 5*x = -89, 23*x = 5*j + 19*x - 403. What is the highest common factor of j and t?
79
Let i = 307 + 375. What is the greatest common divisor of i and 62?
62
Let z be 20/(-11) - (-156)/(-858). Let l be 2/(-5) - (-548)/20. Let v be (-7)/((-7)/z) + l - -3. What is the highest common factor of v and 4?
4
Let p be (-2 + 1 - -4)*(1 - -16). Suppose 5*g + 2*n = -p + 237, 159 = 4*g + 5*n. Suppose 20 = 4*k + k. Calculate the highest common divisor of k and g.
4
Suppose 2*f - 52 - 44 = 0. Let w = 47765 - 47685. What is the highest common divisor of w and f?
16
Let a be (-11 - (-3808)/24) + (-2)/3. What is the greatest common factor of a and 3?
3
Suppose -8*p + 47 = 7. Suppose 3*x + 38 = 2*y - 37, p*y - 230 = -x. What is the greatest common divisor of y and 99?
9
Suppose 2*j = 51 - 41. Suppose -6 + 8 = x, 23 = j*k - x. Calculate the greatest common factor of k and 435.
5
Let z be (2 + 42/(-5) - -6) + 12672/5. What is the greatest common divisor of 14 and z?
14
Suppose -23*u + 26*u - 273 = 0. Let c = 94 - u. Calculate the highest common factor of c and 5.
1
Let w be (-52 + 4/(-2))/(-5 - 170/(-35)). Suppose -9*f - 135 = -14*f. Calculate the highest common divisor of f and w.
27
Suppose -4*c + 16339 = 2*u - 2095, 0 = c - 3*u - 4605. Suppose -3*r + c = 9*r. Calculate the greatest common divisor of 48 and r.
48
Let q(r) = 44*r**3 + 1. Let j be q(1). Let u be 4 + (-399)/((-63)/(-9)). Let h(k) = 2*k + 211. Let f be h(u). Calculate the highest common divisor of j and f.
15
Let a(i) = 4*i**2 - 371*i + 61. Let r be a(93). Calculate the greatest common factor of r and 70.
14
Suppose 44*g = 43*g + 93. Let v = g + 43. What is the highest common factor of v and 24?
8
Suppose -6*v + 2*v + 756 = 0. Let j = 101446 + -101383. What is the highest common divisor of v and j?
63
Let m = -299 - -375. Let z = -26 + 23. Let c(g) = -11*g + 5. Let t be c(z). What is the highest common factor of m and t?
38
Suppose -24*x = -7*x - 884. What is the greatest common factor of x and 4108?
52
Suppose 2*t + 5*r - 38 = 9, 15 = 5*r. Calculate the greatest common factor of 2192 and t.
16
Let u(f) = f**2 - 69*f + 380. Let r be u(67). What is the greatest common divisor of 4346 and r?
82
Let p be ((-6)/10 - (-6)/15)*-15. Suppose 0 = -2*q + 16. Let i = -2 + q. What is the highest common divisor of i and p?
3
Let t be ((-4)/1)/(76/(-18392)). Suppose 0 = -0*z - z, -1360 = 2*y - z. Let c = y + t. Calculate the greatest common divisor of 36 and c.
36
Let c = 505 - 340. Suppose 2*f = 2*j + f - c, j = -5*f + 99. Calculate the greatest common factor of j and 36.
12
Suppose 0*s + 488 = 5*s + q, 0 = 5*s + 3*q - 474. Calculate the greatest common factor of s and 18.
9
Let s(y) = y**2 - 182*y + 1287. Let f be s(7). Calculate the highest common divisor of f and 372.
62
Suppose -182*c = -153*c - 6493 - 3. Calculate the highest common factor of 928 and c.
32
Suppose 60*j + 22790 = 84170. Calculate the highest common factor of 33 and j.
33
Let p(r) = -9*r**2 + 394*r + 186. Let v be p(44). Calculate the greatest common divisor of 14357 and v.
49
Suppose -5*x + l + 45 + 3 = 0, 5*x + l = 52. Let w = -159 - -223. Suppose 0 = -2*p + 36 + w. Calculate the highest common factor of p and x.
10
Let a(l) = l**3 - 9*l**2 + 2*l - 10. Let x be a(9). Let s = 9 - x. Let d = 1602 + -1600. Calculate the greatest common factor of s and d.
1
Let v be ((-38)/70 - 4/(-10)) + (-57800436)/(-10052). What is the highest common factor of v and 184?
46
Let o be 35*-9*5/(-225). Let j be (-2)/(-1)*(-5)/(-2). Suppose -j*b = i - 30, 16 - 53 = -i + 2*b. Calculate the greatest common factor of i and o.
7
Let a be 1 - (292/(-1) + 1). Let n = -90844 + 90848. What is the greatest common divisor of n and a?
4
Suppose 7756 = 3*j - u, -4*u - 117 + 2685 = j. What is the highest common factor of j and 38?
38
Let j be (-3716)/(-30) - (-114)/855. What is the highest common factor of j and 28?
4
Let r(u) = 8*u + 14*u**2 - 38 + 57 - 15*u**2. Let m be r(5). Calculate the highest common factor of 8 and m.
2
Suppose 3*v = -2*k + 74, 273 - 363 = -3*k - v. Suppose 2*w = -2*w + 32. Calculate the greatest common divisor of w and k.
4
Let s = -263 + 286. Suppose 5*l = -87 + 1122. Calculate the highest common divisor of l and s.
23
Let b be 39/(-12)*(8